{"id":15259,"date":"2021-03-04T17:34:16","date_gmt":"2021-03-04T17:34:16","guid":{"rendered":"https:\/\/www.anettecarlstrom.com\/home\/?post_type=product&#038;p=15259"},"modified":"2021-03-04T18:16:09","modified_gmt":"2021-03-04T18:16:09","slug":"kokonaisvaltainen-hyvinvointi-keho-mieli-tietoisuus","status":"publish","type":"product","link":"https:\/\/www.anettecarlstrom.com\/home\/product\/kokonaisvaltainen-hyvinvointi-keho-mieli-tietoisuus\/","title":{"rendered":"Kokonaisvaltainen hyvinvointi\u00a0keho mieli tietoisuus"},"content":{"rendered":"<p>[et_pb_section fb_built=&#8221;1&#8243; _builder_version=&#8221;3.22&#8243; custom_padding=&#8221;0px||||false|false&#8221;][et_pb_row _builder_version=&#8221;3.25&#8243; background_size=&#8221;initial&#8221; background_position=&#8221;top_left&#8221; background_repeat=&#8221;repeat&#8221; width=&#8221;100%&#8221; custom_padding=&#8221;0px||0px||false|false&#8221;][et_pb_column type=&#8221;4_4&#8243; _builder_version=&#8221;3.25&#8243; custom_padding=&#8221;|||&#8221; custom_padding__hover=&#8221;|||&#8221;][et_pb_wc_breadcrumb _builder_version=&#8221;3.0.47&#8243;][\/et_pb_wc_breadcrumb][et_pb_wc_cart_notice _builder_version=&#8221;4.9.1&#8243; background_color=&#8221;#389900&#8243; custom_button=&#8221;on&#8221; button_text_color=&#8221;#3d9909&#8243;][\/et_pb_wc_cart_notice][\/et_pb_column][\/et_pb_row][et_pb_row column_structure=&#8221;1_2,1_2&#8243; _builder_version=&#8221;3.25&#8243; background_size=&#8221;initial&#8221; background_position=&#8221;top_left&#8221; background_repeat=&#8221;repeat&#8221; width=&#8221;100%&#8221; custom_padding=&#8221;0px||||false|false&#8221;][et_pb_column type=&#8221;1_2&#8243; _builder_version=&#8221;3.25&#8243; custom_padding=&#8221;|||&#8221; custom_padding__hover=&#8221;|||&#8221;][et_pb_wc_images _builder_version=&#8221;3.0.47&#8243;][\/et_pb_wc_images][\/et_pb_column][et_pb_column type=&#8221;1_2&#8243; _builder_version=&#8221;3.25&#8243; custom_padding=&#8221;|||&#8221; custom_padding__hover=&#8221;|||&#8221;][et_pb_wc_title _builder_version=&#8221;4.9.1&#8243; header_font=&#8221;Oswald|300|||||||&#8221; header_text_color=&#8221;#389900&#8243; header_font_size=&#8221;27px&#8221; header_line_height=&#8221;1.2em&#8221;][\/et_pb_wc_title][et_pb_wc_rating _builder_version=&#8221;3.0.47&#8243;][\/et_pb_wc_rating][et_pb_wc_price _builder_version=&#8221;4.9.1&#8243; body_text_color=&#8221;#389900&#8243;][\/et_pb_wc_price][et_pb_wc_description _builder_version=&#8221;3.0.47&#8243;][\/et_pb_wc_description][et_pb_wc_add_to_cart _builder_version=&#8221;3.0.47&#8243;][\/et_pb_wc_add_to_cart][et_pb_wc_meta _builder_version=&#8221;3.0.47&#8243;][\/et_pb_wc_meta][\/et_pb_column][\/et_pb_row][et_pb_row _builder_version=&#8221;3.25&#8243; background_size=&#8221;initial&#8221; background_position=&#8221;top_left&#8221; background_repeat=&#8221;repeat&#8221; width=&#8221;100%&#8221;][et_pb_column type=&#8221;4_4&#8243; _builder_version=&#8221;3.25&#8243; custom_padding=&#8221;|||&#8221; custom_padding__hover=&#8221;|||&#8221;][et_pb_wc_tabs _builder_version=&#8221;4.9.1&#8243;]\t\t\t\t\t[\/et_pb_wc_tabs][et_pb_wc_upsells _builder_version=&#8221;3.0.47&#8243;][\/et_pb_wc_upsells][\/et_pb_column][\/et_pb_row][\/et_pb_section]<\/p>\n","protected":false},"excerpt":{"rendered":"","protected":false},"featured_media":15257,"template":"","meta":{"_et_pb_use_builder":"on","_et_pb_old_content":"<h3><strong>Kokonaisvaltainen hyvinvointi\u00a0keho mieli tietoisuus<\/strong><\/h3>\r\n<div dir=\"auto\">P\u00e4\u00e4se synkroniaan universaalin \u00e4lykkyyden kanssa ja saa yhteys kokonaisvaltaiseen tietoisuuden virtaukseen.<\/div>\r\n<div dir=\"auto\"><\/div>\r\n<div dir=\"auto\">L\u00f6yd\u00e4 kehon, mielen ja tietoisuuden v\u00e4linen \u00e4lykkyys. Kun yksi osa on parantunut,<\/div>\r\n<div dir=\"auto\">se vaikuttaa automaattisesti toiseen.<\/div>\r\n<div dir=\"auto\"><\/div>\r\n<div dir=\"auto\">T\u00e4m\u00e4 Anette Carlstr\u00f6min 3h online-kurssi sis\u00e4lt\u00e4\u00e4:<\/div>\r\n<div dir=\"auto\">** Syv\u00e4llisi\u00e4 meditaatioprosesseja sek\u00e4 pyhi\u00e4 mantroja,<\/div>\r\n<div dir=\"auto\">jotka \u00a0ohjaavat sinut suuren my\u00f6t\u00e4tunnon valon yhteyteen.<\/div>\r\n<div dir=\"auto\">** Kultaisen ajan tietoisuusmeditaation (Golden Age Consciousness Meditation)<\/div>\r\n<div dir=\"auto\">\u00a0vahvistaalinjaustasi el\u00e4m\u00e4si korkeimpaan potentiaaliin.<\/div>\r\n<div dir=\"auto\"><\/div>\r\n<div dir=\"auto\">Kurssikieli on englanti. Kurssi tulkataan suomeksi.<\/div>\r\n<div dir=\"auto\">Online-kurssin hinta: 49\u20ac<\/div>\r\n<div dir=\"auto\"><\/div>\r\n<div dir=\"auto\">Lis\u00e4tiedot ja ilmoittautuminen:\u00a0<a href=\"mailto:marjo.lampila@gmail.com\" target=\"_blank\" rel=\"noopener\">marjo.lampila@gmail.com<\/a><\/div>\r\n<h3>____________________________<\/h3>\r\n<h3><strong>Holistic Body Mind Consciousness<\/strong><\/h3>\r\n<div dir=\"auto\">Come into Synchronicity with Universal Intelligence<\/div>\r\n<div dir=\"auto\">and access the Flow of Holistic Consciousness.<\/div>\r\n<div dir=\"auto\">Discover the Intelligence of Body-Mind-Consciousness Connection.<\/div>\r\n<div dir=\"auto\">As one part is healed the other is automatically affected.<\/div>\r\n<div dir=\"auto\"><\/div>\r\n<div dir=\"auto\">This Anette Carlstr\u00f6m\u2019s 3 h Online course includes:<\/div>\r\n<div dir=\"auto\">Guided Deep Meditative Processes and<\/div>\r\n<div dir=\"auto\">Sacred Mantras to move you into Alignment<\/div>\r\n<div dir=\"auto\">With the Great Compassionate Light.<\/div>\r\n<div dir=\"auto\">Golden Age Consciousness Meditation to establish<\/div>\r\n<div dir=\"auto\">Your Life in Alignment with your Highest Potential as a Human Being.<\/div>\r\n<div dir=\"auto\"><\/div>\r\n<div dir=\"auto\"><strong>Course language is English. Translation to Finnish.<\/strong><\/div>\r\n<div dir=\"auto\">Price: 49\u20ac<\/div>","_et_gb_content_width":""},"product_brand":[],"product_cat":[32],"product_tag":[],"class_list":{"0":"post-15259","1":"product","2":"type-product","3":"status-publish","4":"has-post-thumbnail","6":"product_cat-uncategorized","8":"first","9":"instock","10":"taxable","11":"shipping-taxable","12":"purchasable","13":"product-type-simple"},"_links":{"self":[{"href":"https:\/\/www.anettecarlstrom.com\/home\/wp-json\/wp\/v2\/product\/15259","targetHints":{"allow":["GET"]}}],"collection":[{"href":"https:\/\/www.anettecarlstrom.com\/home\/wp-json\/wp\/v2\/product"}],"about":[{"href":"https:\/\/www.anettecarlstrom.com\/home\/wp-json\/wp\/v2\/types\/product"}],"wp:featuredmedia":[{"embeddable":true,"href":"https:\/\/www.anettecarlstrom.com\/home\/wp-json\/wp\/v2\/media\/15257"}],"wp:attachment":[{"href":"https:\/\/www.anettecarlstrom.com\/home\/wp-json\/wp\/v2\/media?parent=15259"}],"wp:term":[{"taxonomy":"product_brand","embeddable":true,"href":"https:\/\/www.anettecarlstrom.com\/home\/wp-json\/wp\/v2\/product_brand?post=15259"},{"taxonomy":"product_cat","embeddable":true,"href":"https:\/\/www.anettecarlstrom.com\/home\/wp-json\/wp\/v2\/product_cat?post=15259"},{"taxonomy":"product_tag","embeddable":true,"href":"https:\/\/www.anettecarlstrom.com\/home\/wp-json\/wp\/v2\/product_tag?post=15259"}],"curies":[{"name":"wp","href":"https:\/\/api.w.org\/{rel}","templated":true}]}}