{"id":16623,"date":"2023-10-06T13:10:22","date_gmt":"2023-10-06T13:10:22","guid":{"rendered":"https:\/\/www.anettecarlstrom.com\/home\/?post_type=product&#038;p=16623"},"modified":"2023-10-13T18:48:12","modified_gmt":"2023-10-13T18:48:12","slug":"online-course-alchemy-of-the-heart","status":"publish","type":"product","link":"https:\/\/www.anettecarlstrom.com\/home\/product\/online-course-alchemy-of-the-heart\/","title":{"rendered":"Online Course &#8211; Alchemy of the Heart"},"content":{"rendered":"<p>[et_pb_section fb_built=&#8221;1&#8243; _builder_version=&#8221;4.16&#8243; custom_padding=&#8221;0px||||false|false&#8221; global_colors_info=&#8221;{}&#8221;][et_pb_row _builder_version=&#8221;4.16&#8243; background_size=&#8221;initial&#8221; background_position=&#8221;top_left&#8221; background_repeat=&#8221;repeat&#8221; width=&#8221;100%&#8221; custom_padding=&#8221;0px||0px||false|false&#8221; global_colors_info=&#8221;{}&#8221;][et_pb_column type=&#8221;4_4&#8243; _builder_version=&#8221;4.16&#8243; custom_padding=&#8221;|||&#8221; global_colors_info=&#8221;{}&#8221; custom_padding__hover=&#8221;|||&#8221;][et_pb_wc_breadcrumb _builder_version=&#8221;4.16&#8243; global_colors_info=&#8221;{}&#8221;][\/et_pb_wc_breadcrumb][et_pb_wc_cart_notice _builder_version=&#8221;4.22.2&#8243; background_color=&#8221;#6400b7&#8243; custom_button=&#8221;on&#8221; button_text_color=&#8221;#6f0dc4&#8243; hover_enabled=&#8221;0&#8243; global_colors_info=&#8221;{}&#8221; button_text_size_last_edited=&#8221;on|phone&#8221; sticky_enabled=&#8221;0&#8243; button_text_size_phone=&#8221;16px&#8221; title_font_size_last_edited=&#8221;on|phone&#8221; title_font_size_phone=&#8221;16px&#8221;][\/et_pb_wc_cart_notice][\/et_pb_column][\/et_pb_row][et_pb_row column_structure=&#8221;1_2,1_2&#8243; _builder_version=&#8221;4.16&#8243; background_size=&#8221;initial&#8221; background_position=&#8221;top_left&#8221; background_repeat=&#8221;repeat&#8221; width=&#8221;100%&#8221; custom_padding=&#8221;0px||||false|false&#8221; global_colors_info=&#8221;{}&#8221;][et_pb_column type=&#8221;1_2&#8243; _builder_version=&#8221;4.16&#8243; custom_padding=&#8221;|||&#8221; global_colors_info=&#8221;{}&#8221; custom_padding__hover=&#8221;|||&#8221;][et_pb_wc_images _builder_version=&#8221;4.22.2&#8243; global_colors_info=&#8221;{}&#8221;][\/et_pb_wc_images][\/et_pb_column][et_pb_column type=&#8221;1_2&#8243; _builder_version=&#8221;4.16&#8243; custom_padding=&#8221;|||&#8221; global_colors_info=&#8221;{}&#8221; custom_padding__hover=&#8221;|||&#8221;][et_pb_wc_title _builder_version=&#8221;4.22.2&#8243; header_font=&#8221;Oswald|300|||||||&#8221; header_text_color=&#8221;#4d009b&#8221; hover_enabled=&#8221;0&#8243; global_colors_info=&#8221;{}&#8221; header_font_size_last_edited=&#8221;on|phone&#8221; sticky_enabled=&#8221;0&#8243; header_font_size_phone=&#8221;24px&#8221;][\/et_pb_wc_title][et_pb_wc_price _builder_version=&#8221;4.22.2&#8243; body_font=&#8221;Oswald||||||||&#8221; body_text_color=&#8221;#6809c1&#8243; hover_enabled=&#8221;0&#8243; global_colors_info=&#8221;{}&#8221; body_font_size_last_edited=&#8221;on|phone&#8221; sticky_enabled=&#8221;0&#8243; body_font_size_phone=&#8221;20px&#8221;][\/et_pb_wc_price][et_pb_wc_description _builder_version=&#8221;4.22.2&#8243; hover_enabled=&#8221;0&#8243; global_colors_info=&#8221;{}&#8221; header_font_size_last_edited=&#8221;on|phone&#8221; sticky_enabled=&#8221;0&#8243; header_font_size_phone=&#8221;30px&#8221; body_font_size_last_edited=&#8221;on|phone&#8221; body_font_size_phone=&#8221;14px&#8221; header_2_font_size_last_edited=&#8221;on|phone&#8221; header_2_font_size_phone=&#8221;24px&#8221; header_3_font_size_last_edited=&#8221;on|phone&#8221; header_3_font_size_phone=&#8221;20px&#8221; header_4_font_size_last_edited=&#8221;on|phone&#8221; header_4_font_size_phone=&#8221;18px&#8221;][\/et_pb_wc_description][et_pb_wc_add_to_cart _builder_version=&#8221;4.22.2&#8243; custom_button=&#8221;on&#8221; button_text_color=&#8221;#4200bf&#8221; hover_enabled=&#8221;0&#8243; global_colors_info=&#8221;{}&#8221; button_text_size_last_edited=&#8221;on|phone&#8221; sticky_enabled=&#8221;0&#8243; button_text_size_phone=&#8221;16px&#8221; fields_font_size_last_edited=&#8221;on|phone&#8221; fields_font_size_phone=&#8221;16px&#8221;][\/et_pb_wc_add_to_cart][et_pb_wc_meta _builder_version=&#8221;4.16&#8243; global_colors_info=&#8221;{}&#8221;][\/et_pb_wc_meta][\/et_pb_column][\/et_pb_row][et_pb_row _builder_version=&#8221;4.16&#8243; background_size=&#8221;initial&#8221; background_position=&#8221;top_left&#8221; background_repeat=&#8221;repeat&#8221; width=&#8221;100%&#8221; global_colors_info=&#8221;{}&#8221;][et_pb_column type=&#8221;4_4&#8243; _builder_version=&#8221;4.16&#8243; custom_padding=&#8221;|||&#8221; global_colors_info=&#8221;{}&#8221; custom_padding__hover=&#8221;|||&#8221;][et_pb_wc_tabs _builder_version=&#8221;4.16&#8243; global_colors_info=&#8221;{}&#8221;]\t\t\t\t\t[\/et_pb_wc_tabs][et_pb_wc_upsells _builder_version=&#8221;4.16&#8243; global_colors_info=&#8221;{}&#8221;][\/et_pb_wc_upsells][\/et_pb_column][\/et_pb_row][\/et_pb_section]<\/p>\n","protected":false},"excerpt":{"rendered":"","protected":false},"featured_media":16649,"template":"","meta":{"_et_pb_use_builder":"on","_et_pb_old_content":"<h4 class=\"p1\"><strong><span class=\"s1\"><span style=\"vertical-align: inherit\"><span style=\"vertical-align: inherit\"><span style=\"vertical-align: inherit\"><span style=\"vertical-align: inherit\"><span style=\"vertical-align: inherit\"><span style=\"vertical-align: inherit\">Alchemy of the Heart - Awakening to Intelligence<\/span><\/span><\/span><\/span><\/span><\/span><\/span><\/strong><\/h4>\r\n<p class=\"p1\"><span style=\"vertical-align: inherit\"><span style=\"vertical-align: inherit\">G\u00e5 in i en tidslinje av guld\u00e5ldern d\u00e4r intelligens kommer fr\u00e5n h\u00f6gre medvetandelagar och f\u00f6r oss in i v\u00e5r sanna naturs godhet och sanning. <\/span><span style=\"vertical-align: inherit\">B\u00f6rja leva fr\u00e5n en plattform med din egen personliga koppling till den heliga n\u00e4rvaron inom dig; <\/span><span style=\"vertical-align: inherit\">n\u00e4rvaron av tacksamhet, frid, gl\u00e4dje och villkorsl\u00f6s k\u00e4rlek. <\/span><span style=\"vertical-align: inherit\">Detta \u00e4r en g\u00e5va och inte n\u00e5got vi kan uppn\u00e5 sj\u00e4lva. <\/span><span style=\"vertical-align: inherit\">G\u00e5 in i en kraftfull process f\u00f6r att se din sanning och \u00f6verl\u00e4mna dig till hj\u00e4rtats alkemiprocess.<\/span><\/span><\/p>\r\n<strong><span style=\"vertical-align: inherit\"><span style=\"vertical-align: inherit\">Tid<\/span><\/span><\/strong>\r\n\r\n<span style=\"vertical-align: inherit\"><span style=\"vertical-align: inherit\">18.00 - 20.00 CET (Centraleuropa) <\/span><\/span>\r\n<span style=\"vertical-align: inherit\"><span style=\"vertical-align: inherit\">19.00 - 21.00 EET, SAST (Finland, Sydafrika) <\/span><\/span>\r\n<span style=\"vertical-align: inherit\"><span style=\"vertical-align: inherit\">17.00 - 19.00 GMT (Storbritannien) <\/span><\/span>\r\n<span style=\"vertical-align: inherit\"><span style=\"vertical-align: inherit\">20.00 - 22.00 TRT, MSK (Turkiet, Moskva) <\/span><\/span>\r\n<span style=\"vertical-align: inherit\"><span style=\"vertical-align: inherit\">10.00 - 12.00 PDT (Stillahavstiden USA) <\/span><\/span>\r\n<span style=\"vertical-align: inherit\"><span style=\"vertical-align: inherit\">14.00 - 16.00 EDT (\u00f6stlig tid USA)<\/span><\/span>","_et_gb_content_width":""},"product_brand":[],"product_cat":[20],"product_tag":[],"class_list":{"0":"post-16623","1":"product","2":"type-product","3":"status-publish","4":"has-post-thumbnail","6":"product_cat-course","8":"first","9":"instock","10":"virtual","11":"purchasable","12":"product-type-simple"},"_links":{"self":[{"href":"https:\/\/www.anettecarlstrom.com\/home\/wp-json\/wp\/v2\/product\/16623","targetHints":{"allow":["GET"]}}],"collection":[{"href":"https:\/\/www.anettecarlstrom.com\/home\/wp-json\/wp\/v2\/product"}],"about":[{"href":"https:\/\/www.anettecarlstrom.com\/home\/wp-json\/wp\/v2\/types\/product"}],"wp:featuredmedia":[{"embeddable":true,"href":"https:\/\/www.anettecarlstrom.com\/home\/wp-json\/wp\/v2\/media\/16649"}],"wp:attachment":[{"href":"https:\/\/www.anettecarlstrom.com\/home\/wp-json\/wp\/v2\/media?parent=16623"}],"wp:term":[{"taxonomy":"product_brand","embeddable":true,"href":"https:\/\/www.anettecarlstrom.com\/home\/wp-json\/wp\/v2\/product_brand?post=16623"},{"taxonomy":"product_cat","embeddable":true,"href":"https:\/\/www.anettecarlstrom.com\/home\/wp-json\/wp\/v2\/product_cat?post=16623"},{"taxonomy":"product_tag","embeddable":true,"href":"https:\/\/www.anettecarlstrom.com\/home\/wp-json\/wp\/v2\/product_tag?post=16623"}],"curies":[{"name":"wp","href":"https:\/\/api.w.org\/{rel}","templated":true}]}}